{"id":378,"date":"2020-11-24T20:04:22","date_gmt":"2020-11-24T19:04:22","guid":{"rendered":"http:\/\/serwer1834391.home.pl\/autoinstalator\/wordpressplugins\/?page_id=378"},"modified":"2025-09-08T08:05:54","modified_gmt":"2025-09-08T06:05:54","slug":"ubezpieczenia-zycie-i-zdrowie","status":"publish","type":"page","link":"https:\/\/metropoliskbu.pl\/index.php\/ubezpieczenia-zycie-i-zdrowie\/","title":{"rendered":"Ubezpieczenia \u017cycie i zdrowie"},"content":{"rendered":"<p>[et_pb_section fb_built=&#8221;1&#8243; fullwidth=&#8221;on&#8221; _builder_version=&#8221;4.16&#8243; _module_preset=&#8221;default&#8221; hover_transition_duration=&#8221;0ms&#8221; global_colors_info=&#8221;{}&#8221;][et_pb_fullwidth_slider _builder_version=&#8221;4.16&#8243; _module_preset=&#8221;default&#8221; header_font=&#8221;Montserrat|300|||||||&#8221; header_font_size=&#8221;55px&#8221; header_line_height=&#8221;1.4em&#8221; background_image=&#8221;http:\/\/serwer1834391.home.pl\/autoinstalator\/wordpressplugins\/wp-content\/uploads\/2020\/11\/doctor-11.jpg&#8221; custom_padding=&#8221;131px|||||&#8221; animation_direction=&#8221;right&#8221; auto=&#8221;on&#8221; auto_speed=&#8221;4000&#8243; global_colors_info=&#8221;{}&#8221;][et_pb_slide heading=&#8221;Aby Twoja praca nie\u00a0posz\u0142a na\u00a0marne&#8221; _builder_version=&#8221;4.16&#8243; _module_preset=&#8221;default&#8221; body_font=&#8221;Montserrat|300|||||||&#8221; body_text_align=&#8221;center&#8221; body_font_size=&#8221;22px&#8221; background_image=&#8221;http:\/\/serwer1834391.home.pl\/autoinstalator\/wordpressplugins\/wp-content\/uploads\/2020\/11\/niebo.jpg&#8221; background_enable_image=&#8221;on&#8221; global_colors_info=&#8221;{}&#8221; sticky_transition=&#8221;on&#8221;][\/et_pb_slide][et_pb_slide heading=&#8221;Aby Twoja praca nie\u00a0posz\u0142a na\u00a0marne&#8221; _builder_version=&#8221;4.16&#8243; _module_preset=&#8221;default&#8221; body_font=&#8221;Montserrat|300|||||||&#8221; body_text_align=&#8221;center&#8221; body_font_size=&#8221;22px&#8221; background_image=&#8221;http:\/\/serwer1834391.home.pl\/autoinstalator\/wordpressplugins\/wp-content\/uploads\/2020\/11\/balony.jpg&#8221; background_enable_image=&#8221;on&#8221; global_colors_info=&#8221;{}&#8221; sticky_transition=&#8221;on&#8221;][\/et_pb_slide][et_pb_slide heading=&#8221;Aby Twoja praca nie\u00a0posz\u0142a na\u00a0marne&#8221; _builder_version=&#8221;4.16&#8243; _module_preset=&#8221;default&#8221; background_image=&#8221;http:\/\/serwer1834391.home.pl\/autoinstalator\/wordpressplugins\/wp-content\/uploads\/2020\/11\/photo-1525466760727-1d8be8721154.jpg&#8221; background_enable_image=&#8221;on&#8221; global_colors_info=&#8221;{}&#8221; sticky_transition=&#8221;on&#8221;][\/et_pb_slide][\/et_pb_fullwidth_slider][\/et_pb_section][et_pb_section fb_built=&#8221;1&#8243; admin_label=&#8221;Why Us&#8221; _builder_version=&#8221;4.16&#8243; custom_padding=&#8221;50px|0px|0px|0px|false|false&#8221; global_colors_info=&#8221;{}&#8221;][et_pb_row _builder_version=&#8221;4.16&#8243; width=&#8221;100%&#8221; max_width=&#8221;100%&#8221; custom_margin=&#8221;|||&#8221; custom_margin_tablet=&#8221;||0px|&#8221; custom_margin_phone=&#8221;&#8221; custom_margin_last_edited=&#8221;on|desktop&#8221; custom_padding=&#8221;||50px|||&#8221; use_custom_width=&#8221;on&#8221; width_unit=&#8221;off&#8221; custom_width_percent=&#8221;100%&#8221; global_colors_info=&#8221;{}&#8221;][et_pb_column type=&#8221;4_4&#8243; _builder_version=&#8221;4.16&#8243; custom_padding=&#8221;0px||0px|0px|false|false&#8221; custom_padding_tablet=&#8221;0px|50px|50px|50px&#8221; custom_padding_phone=&#8221;&#8221; custom_padding_last_edited=&#8221;on|desktop&#8221; global_colors_info=&#8221;{}&#8221; padding_tablet=&#8221;0px|50px|50px|50px&#8221; padding_last_edited=&#8221;on|desktop&#8221; custom_padding__hover=&#8221;|||&#8221; padding_phone=&#8221;0px|50px|50px|50px&#8221;][et_pb_image src=&#8221;http:\/\/serwer1834391.home.pl\/autoinstalator\/wordpressplugins\/wp-content\/uploads\/2020\/11\/05_IKONKA_etapy_uslugi_SPRZEDAZ_1-ciemny-niebieski.svg&#8221; title_text=&#8221;05_IKONKA_etapy_uslugi_SPRZEDAZ_1 ciemny niebieski&#8221; align=&#8221;center&#8221; _builder_version=&#8221;4.16&#8243; _module_preset=&#8221;default&#8221; width=&#8221;15%&#8221; module_alignment=&#8221;center&#8221; min_height=&#8221;30%&#8221; height=&#8221;30%&#8221; global_colors_info=&#8221;{}&#8221;][\/et_pb_image][et_pb_text _builder_version=&#8221;4.16&#8243; text_font=&#8221;Montserrat|300|||||||&#8221; text_font_size=&#8221;16px&#8221; text_line_height=&#8221;2em&#8221; link_font=&#8221;||||||||&#8221; ul_font=&#8221;||||||||&#8221; ol_font=&#8221;||||||||&#8221; quote_font=&#8221;||||||||&#8221; header_font=&#8221;||||||||&#8221; header_2_font=&#8221;Montserrat|300|||||||&#8221; header_2_text_color=&#8221;#212d3b&#8221; header_2_font_size=&#8221;40px&#8221; header_2_line_height=&#8221;1.5em&#8221; text_orientation=&#8221;center&#8221; width=&#8221;58.9%&#8221; module_alignment=&#8221;center&#8221; custom_margin=&#8221;|0px|||false|false&#8221; custom_margin_tablet=&#8221;0px|50px||50px&#8221; custom_margin_last_edited=&#8221;off|desktop&#8221; custom_padding=&#8221;||0px|||&#8221; global_colors_info=&#8221;{}&#8221;]<\/p>\n<p>Nasi brokerzy na&nbsp;bie\u017c\u0105co \u015bledz\u0105 rozwi\u0105zania i&nbsp;trendy ubezpieczeniowe na&nbsp;polskim rynku. W&nbsp;ramach naszych us\u0142ug oferujemy :<\/p>\n<ul>\n<li style=\"text-align: left;\">grupowe pracownicze programy ubezpieczenia na&nbsp;\u017cycie,<\/li>\n<li style=\"text-align: left;\">grupowe prywatne ubezpieczenia opieki medycznej,<\/li>\n<li style=\"text-align: left;\">grupowe programy medycyny pracy,<\/li>\n<li style=\"text-align: left;\">pomoc we&nbsp;wdro\u017ceniu PPK.<\/li>\n<\/ul>\n<p>Poza powy\u017cszymi rozwi\u0105zaniami, na&nbsp;\u017cyczenie Klient\u00f3w negocjujemy dedykowane indywidualne polisy na&nbsp;\u017cycie dla wsp\u00f3lnik\u00f3w i&nbsp;os\u00f3b kluczowych oraz&nbsp;produkty stanowi\u0105ce zabezpieczenie kredytowe proces\u00f3w inwestycyjnych w&nbsp;firmach.<\/p>\n<p>[\/et_pb_text][\/et_pb_column][\/et_pb_row][\/et_pb_section][et_pb_section fb_built=&#8221;1&#8243; admin_label=&#8221;Services&#8221; _builder_version=&#8221;4.16&#8243; background_color=&#8221;#f1f5f7&#8243; custom_padding=&#8221;50px|0px|3px|0px|false|false&#8221; global_colors_info=&#8221;{}&#8221;][et_pb_row column_structure=&#8221;1_3,1_3,1_3&#8243; _builder_version=&#8221;4.16&#8243; custom_margin=&#8221;|auto|37px|auto||&#8221; global_colors_info=&#8221;{}&#8221;][et_pb_column type=&#8221;1_3&#8243; _builder_version=&#8221;4.16&#8243; custom_padding=&#8221;|||&#8221; global_colors_info=&#8221;{}&#8221; custom_padding__hover=&#8221;|||&#8221;][et_pb_blurb title=&#8221;Zakres dzia\u0142ania&#8221; image=&#8221;http:\/\/serwer1834391.home.pl\/autoinstalator\/wordpressplugins\/wp-content\/uploads\/2020\/11\/03_IKONKA_etapy_uslugi_SPOTKANIE_SPRZEDAZOWE_2-ciemny-niebieski.svg&#8221; image_icon_width=&#8221;30%&#8221; _builder_version=&#8221;4.16&#8243; header_font=&#8221;Montserrat||||||||&#8221; header_line_height=&#8221;2em&#8221; body_font=&#8221;Montserrat|300|||||||&#8221; body_text_align=&#8221;center&#8221; body_font_size=&#8221;15px&#8221; body_line_height=&#8221;2em&#8221; text_orientation=&#8221;center&#8221; module_alignment=&#8221;center&#8221; animation_style=&#8221;fade&#8221; animation=&#8221;off&#8221; image_max_width=&#8221;30%&#8221; global_colors_info=&#8221;{}&#8221;]<\/p>\n<p>W&nbsp;ramach \u015bwiadczonych us\u0142ug, oferujemy przegl\u0105d aktualnych rozwi\u0105za\u0144 ubezpieczeniowych. Analizuj\u0105c otrzymane materia\u0142y, ws\u0142uchujemy si\u0119 w&nbsp;oczekiwania zar\u00f3wno pracodawcy, jak i&nbsp;pracownik\u00f3w oraz&nbsp;ich rodzin. Negocjujemy nowe oferty, jak i&nbsp;skuteczne optymalizujemy aktualne programy ochrony ubezpieczeniowej. Wdra\u017camy wynegocjowane rozwi\u0105zana ubezpieczeniowe w&nbsp;transparentny spos\u00f3b, a&nbsp;w&nbsp;przypadku podmiot\u00f3w sektora publicznego mo\u017cemy przeprowadzi\u0107 proces negocjacji z&nbsp;zachowaniem wymog\u00f3w ustawy \u2013 Prawo zam\u00f3wie\u0144 publicznych.<\/p>\n<p><span>.<\/span><\/p>\n<p>[\/et_pb_blurb][\/et_pb_column][et_pb_column type=&#8221;1_3&#8243; _builder_version=&#8221;4.16&#8243; custom_padding=&#8221;|||&#8221; global_colors_info=&#8221;{}&#8221; custom_padding__hover=&#8221;|||&#8221;][et_pb_blurb title=&#8221;Bran\u017ce&#8221; image=&#8221;http:\/\/serwer1834391.home.pl\/autoinstalator\/wordpressplugins\/wp-content\/uploads\/2020\/11\/13_IKONKA_etapy_uslugi_FEEDBACK-ciemny-niebieski.svg&#8221; image_icon_width=&#8221;30%&#8221; _builder_version=&#8221;4.16&#8243; header_font=&#8221;Montserrat||||||||&#8221; header_line_height=&#8221;2em&#8221; body_font=&#8221;Montserrat|300|||||||&#8221; body_text_align=&#8221;center&#8221; body_font_size=&#8221;15px&#8221; body_line_height=&#8221;2em&#8221; text_orientation=&#8221;center&#8221; animation_style=&#8221;fade&#8221; animation_delay=&#8221;100ms&#8221; animation=&#8221;off&#8221; image_max_width=&#8221;30%&#8221; locked=&#8221;off&#8221; global_colors_info=&#8221;{}&#8221;]<\/p>\n<p>Negocjowane programy ubezpieczeniowe z&nbsp;powodzeniem oferujemy i&nbsp;wdra\u017camy:<\/p>\n<ul>\n<li style=\"text-align: left;\">w&nbsp;instytucjach publicznych,<\/li>\n<li style=\"text-align: left;\">du\u017cych firmach jak i&nbsp;mniejszych podmiotach gospodarczych oraz&nbsp;firmach rodzinnych,<\/li>\n<li style=\"text-align: left;\">w&nbsp;sektorze agrobiznesu.<\/li>\n<\/ul>\n<p>Na&nbsp;\u017cyczenie klienta wdra\u017camy rozwi\u0105zania, w&nbsp;kt\u00f3rych&nbsp;funkcjonuje tradycyjny model op\u0142acania sk\u0142adek (potr\u0105cenia z&nbsp;pensji pracownika), jak i&nbsp;model mieszany, b\u0105d\u017a w&nbsp;ca\u0142o\u015bci finansowany przez&nbsp;pracodawc\u0119, kt\u00f3ry&nbsp;wymaga szczeg\u00f3lnego zaanga\u017cowania w&nbsp;sferze organizowania z&nbsp;inicjatywy pracodawcy rozwi\u0105za\u0144 pro pracowniczych.<\/p>\n<p><span>.<\/span><\/p>\n<p>[\/et_pb_blurb][\/et_pb_column][et_pb_column type=&#8221;1_3&#8243; _builder_version=&#8221;4.16&#8243; custom_padding=&#8221;|||&#8221; global_colors_info=&#8221;{}&#8221; custom_padding__hover=&#8221;|||&#8221;][et_pb_blurb title=&#8221;Wsparcie&#8221; image=&#8221;http:\/\/serwer1834391.home.pl\/autoinstalator\/wordpressplugins\/wp-content\/uploads\/2020\/11\/12_IKONKA_etapy_uslugi_LIKWIDACJA_SZKODY.svg&#8221; image_icon_width=&#8221;30%&#8221; _builder_version=&#8221;4.16&#8243; header_font=&#8221;Montserrat||||||||&#8221; header_line_height=&#8221;2em&#8221; body_font=&#8221;Montserrat|300|||||||&#8221; body_font_size=&#8221;15px&#8221; body_line_height=&#8221;2em&#8221; text_orientation=&#8221;center&#8221; custom_padding=&#8221;||0px|||&#8221; animation_style=&#8221;fade&#8221; animation_delay=&#8221;200ms&#8221; animation=&#8221;off&#8221; image_max_width=&#8221;30%&#8221; locked=&#8221;off&#8221; global_colors_info=&#8221;{}&#8221;]<\/p>\n<p>Zapewniamy kompleksow\u0105 obs\u0142ug\u0119 od&nbsp;wdro\u017cenia ubezpieczenia po&nbsp;realizacj\u0119 roszczenia. Prowadzimy szkolenia, weryfikujemy wnioski ubezpieczeniowe i&nbsp;weryfikujemy liczebno\u015b\u0107 grupy ubezpieczonych jak i&nbsp;poprawno\u015b\u0107 wype\u0142nienia deklaracji przyst\u0105pienia do&nbsp;umowy ubezpieczenia. Gwarantujemy pomoc przy rozwi\u0105zywaniu kwestii spornych pomi\u0119dzy stronami umowy, a&nbsp;tym samym pomoc w&nbsp;skutecznym dochodzeniu roszcze\u0144 odszkodowawczych z&nbsp;tytu\u0142u zawartej umowy ubezpieczenia, z&nbsp;udzia\u0142em naszego Dzia\u0142u likwidacji szk\u00f3d.<\/p>\n<p>[\/et_pb_blurb][\/et_pb_column][\/et_pb_row][\/et_pb_section][et_pb_section fb_built=&#8221;1&#8243; admin_label=&#8221;Footer&#8221; _builder_version=&#8221;4.16&#8243; background_color=&#8221;#00a0e3&#8243; custom_margin=&#8221;||||false|false&#8221; custom_padding=&#8221;||50px||false|false&#8221; top_divider_height=&#8221;660px&#8221; top_divider_flip=&#8221;horizontal&#8221; bottom_divider_style=&#8221;clouds2&#8243; bottom_divider_color=&#8221;rgba(255,255,255,0.08)&#8221; bottom_divider_height=&#8221;600px&#8221; bottom_divider_flip=&#8221;vertical&#8221; global_colors_info=&#8221;{}&#8221;][et_pb_row column_structure=&#8221;1_4,1_4,1_4,1_4&#8243; _builder_version=&#8221;4.16&#8243; _module_preset=&#8221;default&#8221; global_colors_info=&#8221;{}&#8221;][et_pb_column type=&#8221;1_4&#8243; _builder_version=&#8221;4.16&#8243; _module_preset=&#8221;default&#8221; global_colors_info=&#8221;{}&#8221;][et_pb_team_member name=&#8221;Pawe\u0142 Matuszak&#8221; position=&#8221;Broker&#8221; image_url=&#8221;data:image\/svg+xml;base64,PHN2ZyB3aWR0aD0iNTAwIiBoZWlnaHQ9IjUwMCIgdmlld0JveD0iMCAwIDUwMCA1MDAiIHhtbG5zPSJodHRwOi8vd3d3LnczLm9yZy8yMDAwL3N2ZyI+CiAgICA8ZyBmaWxsPSJub25lIiBmaWxsLXJ1bGU9ImV2ZW5vZGQiPgogICAgICAgIDxwYXRoIGZpbGw9IiNFQkVCRUIiIGQ9Ik0wIDBoNTAwdjUwMEgweiIvPgogICAgICAgIDxyZWN0IGZpbGwtb3BhY2l0eT0iLjEiIGZpbGw9IiMwMDAiIHg9IjY4IiB5PSIzMDUiIHdpZHRoPSIzNjQiIGhlaWdodD0iNTY4IiByeD0iMTgyIi8+CiAgICAgICAgPGNpcmNsZSBmaWxsLW9wYWNpdHk9Ii4xIiBmaWxsPSIjMDAwIiBjeD0iMjQ5IiBjeT0iMTcyIiByPSIxMDAiLz4KICAgIDwvZz4KPC9zdmc+Cg==&#8221; _builder_version=&#8221;4.16&#8243; _module_preset=&#8221;default&#8221; header_font=&#8221;Lato|700|||||||&#8221; body_font=&#8221;Lato||||||||&#8221; body_text_color=&#8221;#ffffff&#8221; position_font=&#8221;Lato||||||||&#8221; position_text_color=&#8221;#ffffff&#8221; background_layout=&#8221;dark&#8221; global_colors_info=&#8221;{}&#8221;]tel.:\u00a0575 989 494<br \/>\n@: <span style=\"color: #ffcc00;\"><a href=\"mailto:%20p.matuszak@metropoliskbu.pl\" style=\"color: #ffcc00;\">p.matuszak@metropoliskbu.pl<\/a><\/span>[\/et_pb_team_member][\/et_pb_column][et_pb_column type=&#8221;1_4&#8243; _builder_version=&#8221;4.16&#8243; _module_preset=&#8221;default&#8221; global_colors_info=&#8221;{}&#8221;][et_pb_team_member name=&#8221;Krzysztof Ratajczak&#8221; position=&#8221;Broker&#8221; image_url=&#8221;data:image\/svg+xml;base64,PHN2ZyB3aWR0aD0iNTAwIiBoZWlnaHQ9IjUwMCIgdmlld0JveD0iMCAwIDUwMCA1MDAiIHhtbG5zPSJodHRwOi8vd3d3LnczLm9yZy8yMDAwL3N2ZyI+CiAgICA8ZyBmaWxsPSJub25lIiBmaWxsLXJ1bGU9ImV2ZW5vZGQiPgogICAgICAgIDxwYXRoIGZpbGw9IiNFQkVCRUIiIGQ9Ik0wIDBoNTAwdjUwMEgweiIvPgogICAgICAgIDxyZWN0IGZpbGwtb3BhY2l0eT0iLjEiIGZpbGw9IiMwMDAiIHg9IjY4IiB5PSIzMDUiIHdpZHRoPSIzNjQiIGhlaWdodD0iNTY4IiByeD0iMTgyIi8+CiAgICAgICAgPGNpcmNsZSBmaWxsLW9wYWNpdHk9Ii4xIiBmaWxsPSIjMDAwIiBjeD0iMjQ5IiBjeT0iMTcyIiByPSIxMDAiLz4KICAgIDwvZz4KPC9zdmc+Cg==&#8221; _builder_version=&#8221;4.16&#8243; _module_preset=&#8221;default&#8221; header_font=&#8221;Lato|700|||||||&#8221; body_font=&#8221;Lato||||||||&#8221; body_text_color=&#8221;#ffffff&#8221; position_font=&#8221;Lato||||||||&#8221; position_text_color=&#8221;#ffffff&#8221; background_layout=&#8221;dark&#8221; global_colors_info=&#8221;{}&#8221;]<\/p>\n<p>tel.: 600 914 200<br \/>@: <span style=\"color: #ffcc00;\"><a href=\"mailto:%20p.matuszak@metropoliskbu.pl\" style=\"color: #ffcc00;\">k.ratajczak@metropoliskbu.pl<\/a><\/span><\/p>\n<p>[\/et_pb_team_member][\/et_pb_column][et_pb_column type=&#8221;1_4&#8243; _builder_version=&#8221;4.18.0&#8243; _module_preset=&#8221;default&#8221; global_colors_info=&#8221;{}&#8221;][et_pb_team_member name=&#8221;Wiktor Musia\u0142owski&#8221; position=&#8221;Asystent brokera&#8221; image_url=&#8221;data:image\/svg+xml;base64,PHN2ZyB3aWR0aD0iNTAwIiBoZWlnaHQ9IjUwMCIgdmlld0JveD0iMCAwIDUwMCA1MDAiIHhtbG5zPSJodHRwOi8vd3d3LnczLm9yZy8yMDAwL3N2ZyI+CiAgICA8ZyBmaWxsPSJub25lIiBmaWxsLXJ1bGU9ImV2ZW5vZGQiPgogICAgICAgIDxwYXRoIGZpbGw9IiNFQkVCRUIiIGQ9Ik0wIDBoNTAwdjUwMEgweiIvPgogICAgICAgIDxyZWN0IGZpbGwtb3BhY2l0eT0iLjEiIGZpbGw9IiMwMDAiIHg9IjY4IiB5PSIzMDUiIHdpZHRoPSIzNjQiIGhlaWdodD0iNTY4IiByeD0iMTgyIi8+CiAgICAgICAgPGNpcmNsZSBmaWxsLW9wYWNpdHk9Ii4xIiBmaWxsPSIjMDAwIiBjeD0iMjQ5IiBjeT0iMTcyIiByPSIxMDAiLz4KICAgIDwvZz4KPC9zdmc+Cg==&#8221; _builder_version=&#8221;4.16&#8243; _module_preset=&#8221;default&#8221; header_font=&#8221;Lato|700|||||||&#8221; body_font=&#8221;Lato||||||||&#8221; body_text_color=&#8221;#ffffff&#8221; position_font=&#8221;Lato||||||||&#8221; position_text_color=&#8221;#ffffff&#8221; background_layout=&#8221;dark&#8221; global_colors_info=&#8221;{}&#8221;]<\/p>\n<p>\u00a0tel.: 577 220 559<br \/>@: <span style=\"color: #ffcc00;\"><a href=\"mailto:%20p.matuszak@metropoliskbu.pl\" style=\"color: #ffcc00;\">w.musialowski@metropoliskbu.pl<\/a><\/span><\/p>\n<p>[\/et_pb_team_member][\/et_pb_column][et_pb_column type=&#8221;1_4&#8243; _builder_version=&#8221;4.16&#8243; _module_preset=&#8221;default&#8221; global_colors_info=&#8221;{}&#8221;][\/et_pb_column][\/et_pb_row][\/et_pb_section][et_pb_section fb_built=&#8221;1&#8243; disabled_on=&#8221;on|on|on&#8221; _builder_version=&#8221;4.16&#8243; _module_preset=&#8221;default&#8221; disabled=&#8221;on&#8221; global_colors_info=&#8221;{}&#8221;][et_pb_row _builder_version=&#8221;4.16&#8243; _module_preset=&#8221;default&#8221; global_colors_info=&#8221;{}&#8221;][et_pb_column type=&#8221;4_4&#8243; _builder_version=&#8221;4.16&#8243; _module_preset=&#8221;default&#8221; global_colors_info=&#8221;{}&#8221;][et_pb_testimonial author=&#8221;Name Goes Here&#8221; portrait_url=&#8221;data:image\/svg+xml;base64,PHN2ZyB3aWR0aD0iNTAwIiBoZWlnaHQ9IjUwMCIgdmlld0JveD0iMCAwIDUwMCA1MDAiIHhtbG5zPSJodHRwOi8vd3d3LnczLm9yZy8yMDAwL3N2ZyI+CiAgICA8ZyBmaWxsPSJub25lIiBmaWxsLXJ1bGU9ImV2ZW5vZGQiPgogICAgICAgIDxwYXRoIGZpbGw9IiNFQkVCRUIiIGQ9Ik0wIDBoNTAwdjUwMEgweiIvPgogICAgICAgIDxyZWN0IGZpbGwtb3BhY2l0eT0iLjEiIGZpbGw9IiMwMDAiIHg9IjY4IiB5PSIzMDUiIHdpZHRoPSIzNjQiIGhlaWdodD0iNTY4IiByeD0iMTgyIi8+CiAgICAgICAgPGNpcmNsZSBmaWxsLW9wYWNpdHk9Ii4xIiBmaWxsPSIjMDAwIiBjeD0iMjQ5IiBjeT0iMTcyIiByPSIxMDAiLz4KICAgIDwvZz4KPC9zdmc+Cg==&#8221; _builder_version=&#8221;4.16&#8243; _module_preset=&#8221;default&#8221; global_colors_info=&#8221;{}&#8221;]<\/p>\n<p>Your content goes here. Edit or&nbsp;remove this text inline or&nbsp;in&nbsp;the module Content settings. You can also style every aspect of this content in&nbsp;the module Design settings and even apply custom CSS to&nbsp;this text in&nbsp;the module Advanced settings.<\/p>\n<p>[\/et_pb_testimonial][\/et_pb_column][\/et_pb_row][\/et_pb_section]<\/p>\n","protected":false},"excerpt":{"rendered":"<p>Nasi brokerzy na&nbsp;bie\u017c\u0105co \u015bledz\u0105 rozwi\u0105zania i&nbsp;trendy ubezpieczeniowe na&nbsp;polskim rynku. W&nbsp;ramach naszych us\u0142ug oferujemy : grupowe pracownicze programy ubezpieczenia na&nbsp;\u017cycie, grupowe prywatne ubezpieczenia opieki medycznej, grupowe programy medycyny pracy, pomoc we&nbsp;wdro\u017ceniu PPK. Poza powy\u017cszymi rozwi\u0105zaniami, na&nbsp;\u017cyczenie Klient\u00f3w negocjujemy dedykowane indywidualne polisy na&nbsp;\u017cycie dla wsp\u00f3lnik\u00f3w i&nbsp;os\u00f3b kluczowych oraz&nbsp;produkty stanowi\u0105ce zabezpieczenie kredytowe proces\u00f3w inwestycyjnych w&nbsp;firmach.W&nbsp;ramach \u015bwiadczonych us\u0142ug, oferujemy [&hellip;]<\/p>\n","protected":false},"author":1,"featured_media":0,"parent":0,"menu_order":1,"comment_status":"closed","ping_status":"closed","template":"","meta":{"_et_pb_use_builder":"on","_et_pb_old_content":"","_et_gb_content_width":"","inline_featured_image":false,"footnotes":""},"class_list":["post-378","page","type-page","status-publish","hentry"],"_links":{"self":[{"href":"https:\/\/metropoliskbu.pl\/index.php\/wp-json\/wp\/v2\/pages\/378","targetHints":{"allow":["GET"]}}],"collection":[{"href":"https:\/\/metropoliskbu.pl\/index.php\/wp-json\/wp\/v2\/pages"}],"about":[{"href":"https:\/\/metropoliskbu.pl\/index.php\/wp-json\/wp\/v2\/types\/page"}],"author":[{"embeddable":true,"href":"https:\/\/metropoliskbu.pl\/index.php\/wp-json\/wp\/v2\/users\/1"}],"replies":[{"embeddable":true,"href":"https:\/\/metropoliskbu.pl\/index.php\/wp-json\/wp\/v2\/comments?post=378"}],"version-history":[{"count":22,"href":"https:\/\/metropoliskbu.pl\/index.php\/wp-json\/wp\/v2\/pages\/378\/revisions"}],"predecessor-version":[{"id":819,"href":"https:\/\/metropoliskbu.pl\/index.php\/wp-json\/wp\/v2\/pages\/378\/revisions\/819"}],"wp:attachment":[{"href":"https:\/\/metropoliskbu.pl\/index.php\/wp-json\/wp\/v2\/media?parent=378"}],"curies":[{"name":"wp","href":"https:\/\/api.w.org\/{rel}","templated":true}]}}